, 0 = u + 4*a - 6*a - 10. Suppose 0 = -3*y + 2*v - 6*v + 12, -5*y = -4*v + 12. What is the units digit of (u + 31)/(1 + y)?
1
Suppose 0 = 2*s - 3*s - 5*g - 24, 3*s - 5*g - 28 = 0. Let f be (((-5)/(-2))/1)/((-50)/(-520)). Let u = f - s. What is the units digit of u?
5
Suppose -4*w + 10 = w. Suppose 5*r = w*z - 308, 4*z - 626 = 5*r - 0*r. What is the tens digit of z?
5
Suppose 29 = 4*u - 5*l, 0*l + 33 = 5*u - 3*l. Suppose 7*t + 9 = u*t. What is the units digit of (t - -7)*(-8 - -2)?
2
Suppose -17*t + 14705 = 3587. What is the tens digit of t?
5
Let y(g) = 53 + g**3 + 40 - 13 + 2*g - 1. What is the tens digit of y(0)?
7
Let w = 86 - 56. Suppose -2*x = -7*x + w. What is the units digit of x?
6
Let z be ((-12)/3 - -7) + 3. Suppose i + 4 = -z. Let p = i + 45. What is the tens digit of p?
3
Let s be (-13)/((-65)/(-90))*-1. What is the hundreds digit of (0 + -15)*(-156)/s?
1
What is the units digit of (6309 + 3)*(1 - -1)/2?
2
What is the tens digit of ((-36)/6 - (2 - 5)) + 3065?
6
Let k = -978 + 2465. What is the hundreds digit of k?
4
Suppose 4459 = -175*u + 188*u. What is the units digit of u?
3
Let h(r) = 88*r**3 - r**2 - 4*r + 7. What is the tens digit of h(2)?
9
Suppose -2*n + 4*d + 892 = 0, 4*d - 852 = -n - n. What is the hundreds digit of 24/16*n/6?
1
Suppose 6*s = 3*s + 6. Suppose 0*h + s = -h - 5*m, 5*m + 10 = 0. Suppose -c + h = -6. What is the tens digit of c?
1
Suppose -56*r + 21769 = -2143. What is the tens digit of r?
2
Suppose 39*i + 21*i = 93720. What is the units digit of i?
2
Suppose -2*x - 1016 = 2*z, -2*x - 946 = -4*z + 94. Let a be (-4)/30 + x/(-240). Suppose -38 = -a*s + 10. What is the units digit of s?
4
Let g(s) = s**2 - 10*s + 3. Let z be g(10). Suppose -b + 2*b - 22 = -2*h, 2*b = -z*h + 44. Suppose 0 = v - 3 - b. What is the tens digit of v?
2
Let d(o) = 4009*o**2 + 4*o - 5. What is the tens digit of d(1)?
0
Suppose 0 = -2*s + 3*c + 2227, 429 + 665 = s + 5*c. What is the units digit of s?
9
Let o = 25 - 18. Suppose -4*h - o = -95. Suppose -c + 4 = -2*y + 3, -h = -4*c - y. What is the units digit of c?
5
Let m(v) be the first derivative of -v**3/3 + 13*v**2/2 + 10*v - 2. Let a be m(13). Suppose w - a - 2 = 0. What is the tens digit of w?
1
Suppose 3*k + 4*o - 510 = k, 2*k - 516 = -o. What is the hundreds digit of k?
2
Let f = 1 + 638. What is the units digit of f?
9
Let g = 700 - 257. What is the tens digit of g?
4
Let z(j) = -444*j**3 - 12*j**2 - 18*j + 1. What is the thousands digit of z(-2)?
3
What is the tens digit of (3 - (-40)/(-8)) + 171?
6
Let b be 2*(0 + 1/1). Suppose 5*n - 5*t + 3 = 468, b = 2*t. Suppose -2*s - 3*s + 2*p + n = 0, -5*p = s - 8. What is the tens digit of s?
1
Let v be 0/((6 - 7) + 4 + -1). Suppose v = -12*s + 9*s + 327. What is the hundreds digit of s?
1
Suppose -2*i + 754 + 388 = 4*v, -5*i = 4*v - 1157. What is the tens digit of v?
8
Suppose 2 - 8 = -3*h. Suppose h*y - y = -39. What is the units digit of (y/(-26))/(1/22)?
3
Let h(x) = 14*x**3 + 2*x**2 - 2*x + 1. Let c be h(1). Let g = 51 + c. What is the units digit of g?
6
Let z(f) = f + 4. Let o be z(10). Let k = o + -20. What is the units digit of (-1 - -7)*(-9)/k?
9
Let l = -523 - -775. What is the tens digit of 5*5*l/105?
6
Suppose 0 = -10*u + 14*u - 860. Let o = u - 148. What is the units digit of o?
7
Let b(v) = -250*v - 18. What is the units digit of b(-2)?
2
Suppose -11*n + 1430 + 1408 = 0. What is the units digit of n?
8
Let i = -65 - -100. Let f(a) = a**3 + 36*a**2 + 129*a + 12. Let r be f(-32). Let u = r + i. What is the units digit of u?
5
Let i(o) = -o. Let h be i(0). Suppose p - 5*u + 14 = 0, 0 = -h*p + 5*p - 5*u - 30. Suppose -p - 33 = -2*c. What is the tens digit of c?
2
Suppose 12*r = 13*r - 109. Suppose 2*p + 0*q + 116 = -5*q, 4*p - 2*q + 184 = 0. Let a = r + p. What is the units digit of a?
1
Let n be ((-51)/(-15) - 1)*(-15)/(-6). Let f(q) = 5*q + 19. What is the tens digit of f(n)?
4
Let m(p) = -p + 17. Let b(s) = -5*s**2 - 2*s - 1. Let t be b(-1). Let k be (8/3)/(t/12). What is the units digit of m(k)?
5
Suppose 6*r - 2213 - 793 = 0. What is the hundreds digit of r?
5
Let k = -155 - -101. Let s = 155 + k. What is the units digit of s?
1
Let q(k) = -6*k + 402. What is the units digit of q(29)?
8
Suppose 2*t - 3*y - 57 - 26 = 0, -3*y = 5*t - 197. Suppose 6*u - 4*u - t = 0. Suppose 0 = z - 9 - u. What is the units digit of z?
9
Let h(u) = 2*u**2 - u - 4. Let v be h(3). Let c be (-2)/(-1) + 11/v. Suppose -121 = -4*k + c*b, -2*k + 2*b + 54 = -6. What is the tens digit of k?
3
Suppose -u + 80 = 3*u. Suppose -u*y - 1978 = -6118. What is the hundreds digit of y?
2
Let j = -99 - -411. What is the hundreds digit of j?
3
Let o = -1056 + 1913. What is the tens digit of o?
5
What is the tens digit of (2972/(-6))/((-96)/144)?
4
Let t(z) = -3*z + 114. What is the hundreds digit of t(-19)?
1
Suppose -5*c - 206 = 2*w, -2*c - 3*c = 0. Let t = 229 + w. What is the tens digit of t?
2
Let p = -926 + 1849. What is the units digit of p?
3
Suppose -5*q + 3*q = -52. Let h = q - 3. What is the units digit of h?
3
Let t(f) = 66*f - 140. What is the hundreds digit of t(28)?
7
Let o = -2624 - -4708. What is the hundreds digit of o?
0
Let l(g) = 76*g**3 - g**2 + 9*g - 8. What is the tens digit of l(1)?
7
Let l be 5 + 1/(-2)*2. Suppose 0 = -l*w - 9 + 41. Suppose 3*i - 65 = -5*j + w*i, -4 = 4*i. What is the tens digit of j?
1
Suppose -17*x + 2286 = -1845. What is the tens digit of x?
4
Suppose -50594 = -87*v - 19883. What is the tens digit of v?
5
Suppose u + 2*c - 16 = 0, -4*u + 0*c = -c - 19. Suppose v = u*v - 450. What is the tens digit of v?
9
Let i(q) = q**2 - 5*q - 3. Let r be i(6). Suppose -4*y = b - 72 - 56, r*y + b = 97. What is the units digit of y?
1
Let s(m) = -2*m + 33. Suppose -3*j - 34 = -3*v + 2*j, 0 = -3*v - 2*j - 1. What is the units digit of s(v)?
7
Let q = 8985 - 4261. What is the thousands digit of q?
4
Let g = 53 + 412. Suppose -2*c = -37 - g. What is the tens digit of c?
5
Let k be -3 - -3 - 4 - 162/(-2). Let f = k - 16. What is the units digit of f?
1
Suppose 5*b - 3386 = -4*v, 58 = -3*v + 55. What is the units digit of b?
8
Let d(m) = m - 2. Let f be d(2). Suppose -v + 18 = -f. What is the tens digit of ((-4)/2)/2 + v?
1
Let r(h) = 17*h + 106. What is the tens digit of r(6)?
0
Let a(x) = 11*x + 841. What is the units digit of a(-76)?
5
Suppose -5*r - 2*q = -4*q - 8, -4*r + 4 = -q. Suppose -2*c - 3*d + 87 + 168 = r, -3*c + 5*d = -354. What is the tens digit of c?
2
Let l(i) = i**3 - i**2 + i. Let b(k) = -4*k**3 + 14*k**2 + 4*k - 2. Let d(z) = -b(z) - 5*l(z). Suppose -37 = 9*m + 35. What is the tens digit of d(m)?
1
What is the tens digit of (490/28)/((-2)/(-72))?
3
Let k(f) = f**2 - 12*f - 4. Let s be k(14). Let n = 9 + s. What is the units digit of n?
3
Let c(i) = -i**3 + 10*i**2 + 4*i + 10. Let m be c(10). Suppose 4*t = m + 46. What is the units digit of t?
4
Suppose 4*y - n = -1 - 1, -y + 5*n - 10 = 0. Suppose 5*r - 739 = u - y*u, -5*r = -4*u - 736. What is the units digit of r?
8
What is the units digit of (3 - 1) + (11 - -1176)?
9
Let h(n) = 19*n + 104. What is the tens digit of h(11)?
1
Suppose 4354 = 106*q - 99*q. What is the hundreds digit of q?
6
Let c(x) = -x + 6. Let t be ((-20)/15)/((-4)/6). Let v = t + 1. What is the units digit of c(v)?
3
Let a = 2742 + -141. What is the units digit of a?
1
Let m(h) = -h**3 - h**2 - h + 135. Let z(a) = -a + 8. Let r be z(8). What is the hundreds digit of m(r)?
1
Let t = -324 + 288. Let d be -3*(104/(-6))/(-2). Let j = d - t. What is the units digit of j?
0
Let k(d) = -d**3 - 41*d**2 + 35*d + 6. What is the tens digit of k(-42)?
0
Let j be (-10)/(-4)*44/55. Suppose 3*b = -j*b - 4*i + 288, -b = 3*i - 62. Suppose 0*v - b = -2*v. What is the units digit of v?
8
Let r be 3 - (-1025)/5 - 6/(-2). Let p = -110 + r. What is the hundreds digit of p?
1
Let u(j) = 396*j**3 + j**2 + 6*j + 4. Let d be u(-1). Let t = -194 - d. What is the hundreds digit of t?
2
Let o = -10 - 37. Let f be 8/(-20) - o/5. Let h = 22 - f. What is the units digit of h?
3
Let y(l) = l**3 - 3*l**2 + l + 2. Suppose 2*c = 3*p + 4, -4*p - 20 = p. Let i = c + 8. What is the tens digit of y(i)?
2
Let o(r) = 4*r**2 + r - 23. Let i be o(-6). Suppose -4*b + 168 = -3*p, -3*p - i = -3*b + 2*p. What is the units digit of b?
5
Suppose